{"id":115968,"date":"2024-09-01T08:37:34","date_gmt":"2024-09-01T08:37:34","guid":{"rendered":"https:\/\/www.enjo.com\/?page_id=115968"},"modified":"2025-10-06T13:05:23","modified_gmt":"2025-10-06T13:05:23","slug":"praci-sacek-51420","status":"publish","type":"page","link":"https:\/\/www.enjo.com\/cz\/praci-sacek-51420\/","title":{"rendered":"Prac\u00ed s\u00e1\u010dek &#8211; 51420"},"content":{"rendered":"","protected":false},"excerpt":{"rendered":"","protected":false},"author":365,"featured_media":0,"parent":0,"menu_order":0,"comment_status":"closed","ping_status":"closed","template":"enjo-page-builder.php","meta":{"_acf_changed":false,"footnotes":""},"class_list":["post-115968","page","type-page","status-publish","hentry","no-post-thumbnail"],"acf":[],"yoast_head":"<!-- This site is optimized with the Yoast SEO plugin v24.0 - https:\/\/yoast.com\/wordpress\/plugins\/seo\/ -->\n<title>Prac\u00ed s\u00e1\u010dek - 51420 - ENJO<\/title>\n<meta name=\"description\" content=\"ENJO prac\u00ed s\u00e1\u010dek chr\u00e1n\u00ed jemn\u00e9 pr\u00e1dlo a vl\u00e1kna p\u0159i pran\u00ed. Zabra\u0148uje vzniku \u017emolk\u016f a po\u0161kozen\u00ed ostatn\u00edch textili\u00ed.\" \/>\n<meta name=\"robots\" content=\"index, follow, max-snippet:-1, max-image-preview:large, max-video-preview:-1\" \/>\n<link rel=\"canonical\" href=\"https:\/\/www.enjo.com\/cz\/praci-sacek-51420\/\" \/>\n<meta property=\"og:locale\" content=\"cs_CZ\" \/>\n<meta property=\"og:type\" content=\"article\" \/>\n<meta property=\"og:title\" content=\"Prac\u00ed s\u00e1\u010dek - 51420 - ENJO\" \/>\n<meta property=\"og:description\" content=\"ENJO prac\u00ed s\u00e1\u010dek chr\u00e1n\u00ed jemn\u00e9 pr\u00e1dlo a vl\u00e1kna p\u0159i pran\u00ed. Zabra\u0148uje vzniku \u017emolk\u016f a po\u0161kozen\u00ed ostatn\u00edch textili\u00ed.\" \/>\n<meta property=\"og:url\" content=\"https:\/\/www.enjo.com\/cz\/praci-sacek-51420\/\" \/>\n<meta property=\"og:site_name\" content=\"ENJO\" \/>\n<meta property=\"article:modified_time\" content=\"2025-10-06T13:05:23+00:00\" \/>\n<meta property=\"og:image\" content=\"https:\/\/www.enjo.com\/wp-content\/uploads\/2023\/10\/social_image.jpg\" \/>\n\t<meta property=\"og:image:width\" content=\"500\" \/>\n\t<meta property=\"og:image:height\" content=\"500\" \/>\n\t<meta property=\"og:image:type\" content=\"image\/jpeg\" \/>\n<meta name=\"twitter:card\" content=\"summary_large_image\" \/>\n<script type=\"application\/ld+json\" class=\"yoast-schema-graph\">{\"@context\":\"https:\/\/schema.org\",\"@graph\":[{\"@type\":\"WebPage\",\"@id\":\"https:\/\/www.enjo.com\/cz\/praci-sacek-51420\/\",\"url\":\"https:\/\/www.enjo.com\/cz\/praci-sacek-51420\/\",\"name\":\"Prac\u00ed s\u00e1\u010dek - 51420 - ENJO\",\"isPartOf\":{\"@id\":\"https:\/\/www.enjo.com\/at-east\/#website\"},\"datePublished\":\"2024-09-01T08:37:34+00:00\",\"dateModified\":\"2025-10-06T13:05:23+00:00\",\"description\":\"ENJO prac\u00ed s\u00e1\u010dek chr\u00e1n\u00ed jemn\u00e9 pr\u00e1dlo a vl\u00e1kna p\u0159i pran\u00ed. Zabra\u0148uje vzniku \u017emolk\u016f a po\u0161kozen\u00ed ostatn\u00edch textili\u00ed.\",\"breadcrumb\":{\"@id\":\"https:\/\/www.enjo.com\/cz\/praci-sacek-51420\/#breadcrumb\"},\"inLanguage\":\"cs\",\"potentialAction\":[{\"@type\":\"ReadAction\",\"target\":[\"https:\/\/www.enjo.com\/cz\/praci-sacek-51420\/\"]}]},{\"@type\":\"BreadcrumbList\",\"@id\":\"https:\/\/www.enjo.com\/cz\/praci-sacek-51420\/#breadcrumb\",\"itemListElement\":[{\"@type\":\"ListItem\",\"position\":1,\"name\":\"Home\",\"item\":\"https:\/\/www.enjo.com\/cz\/\"},{\"@type\":\"ListItem\",\"position\":2,\"name\":\"Prac\u00ed s\u00e1\u010dek &#8211; 51420\"}]},{\"@type\":\"WebSite\",\"@id\":\"https:\/\/www.enjo.com\/at-east\/#website\",\"url\":\"https:\/\/www.enjo.com\/at-east\/\",\"name\":\"ENJO\",\"description\":\"Clean the World\",\"potentialAction\":[{\"@type\":\"SearchAction\",\"target\":{\"@type\":\"EntryPoint\",\"urlTemplate\":\"https:\/\/www.enjo.com\/at-east\/?s={search_term_string}\"},\"query-input\":{\"@type\":\"PropertyValueSpecification\",\"valueRequired\":true,\"valueName\":\"search_term_string\"}}],\"inLanguage\":\"cs\"}]}<\/script>\n<!-- \/ Yoast SEO plugin. -->","yoast_head_json":{"title":"Prac\u00ed s\u00e1\u010dek - 51420 - ENJO","description":"ENJO prac\u00ed s\u00e1\u010dek chr\u00e1n\u00ed jemn\u00e9 pr\u00e1dlo a vl\u00e1kna p\u0159i pran\u00ed. Zabra\u0148uje vzniku \u017emolk\u016f a po\u0161kozen\u00ed ostatn\u00edch textili\u00ed.","robots":{"index":"index","follow":"follow","max-snippet":"max-snippet:-1","max-image-preview":"max-image-preview:large","max-video-preview":"max-video-preview:-1"},"canonical":"https:\/\/www.enjo.com\/cz\/praci-sacek-51420\/","og_locale":"cs_CZ","og_type":"article","og_title":"Prac\u00ed s\u00e1\u010dek - 51420 - ENJO","og_description":"ENJO prac\u00ed s\u00e1\u010dek chr\u00e1n\u00ed jemn\u00e9 pr\u00e1dlo a vl\u00e1kna p\u0159i pran\u00ed. Zabra\u0148uje vzniku \u017emolk\u016f a po\u0161kozen\u00ed ostatn\u00edch textili\u00ed.","og_url":"https:\/\/www.enjo.com\/cz\/praci-sacek-51420\/","og_site_name":"ENJO","article_modified_time":"2025-10-06T13:05:23+00:00","og_image":[{"width":500,"height":500,"url":"https:\/\/www.enjo.com\/wp-content\/uploads\/2023\/10\/social_image.jpg","type":"image\/jpeg"}],"twitter_card":"summary_large_image","schema":{"@context":"https:\/\/schema.org","@graph":[{"@type":"WebPage","@id":"https:\/\/www.enjo.com\/cz\/praci-sacek-51420\/","url":"https:\/\/www.enjo.com\/cz\/praci-sacek-51420\/","name":"Prac\u00ed s\u00e1\u010dek - 51420 - ENJO","isPartOf":{"@id":"https:\/\/www.enjo.com\/at-east\/#website"},"datePublished":"2024-09-01T08:37:34+00:00","dateModified":"2025-10-06T13:05:23+00:00","description":"ENJO prac\u00ed s\u00e1\u010dek chr\u00e1n\u00ed jemn\u00e9 pr\u00e1dlo a vl\u00e1kna p\u0159i pran\u00ed. Zabra\u0148uje vzniku \u017emolk\u016f a po\u0161kozen\u00ed ostatn\u00edch textili\u00ed.","breadcrumb":{"@id":"https:\/\/www.enjo.com\/cz\/praci-sacek-51420\/#breadcrumb"},"inLanguage":"cs","potentialAction":[{"@type":"ReadAction","target":["https:\/\/www.enjo.com\/cz\/praci-sacek-51420\/"]}]},{"@type":"BreadcrumbList","@id":"https:\/\/www.enjo.com\/cz\/praci-sacek-51420\/#breadcrumb","itemListElement":[{"@type":"ListItem","position":1,"name":"Home","item":"https:\/\/www.enjo.com\/cz\/"},{"@type":"ListItem","position":2,"name":"Prac\u00ed s\u00e1\u010dek &#8211; 51420"}]},{"@type":"WebSite","@id":"https:\/\/www.enjo.com\/at-east\/#website","url":"https:\/\/www.enjo.com\/at-east\/","name":"ENJO","description":"Clean the World","potentialAction":[{"@type":"SearchAction","target":{"@type":"EntryPoint","urlTemplate":"https:\/\/www.enjo.com\/at-east\/?s={search_term_string}"},"query-input":{"@type":"PropertyValueSpecification","valueRequired":true,"valueName":"search_term_string"}}],"inLanguage":"cs"}]}},"_links":{"self":[{"href":"https:\/\/www.enjo.com\/cz\/wp-json\/wp\/v2\/pages\/115968","targetHints":{"allow":["GET"]}}],"collection":[{"href":"https:\/\/www.enjo.com\/cz\/wp-json\/wp\/v2\/pages"}],"about":[{"href":"https:\/\/www.enjo.com\/cz\/wp-json\/wp\/v2\/types\/page"}],"author":[{"embeddable":true,"href":"https:\/\/www.enjo.com\/cz\/wp-json\/wp\/v2\/users\/365"}],"replies":[{"embeddable":true,"href":"https:\/\/www.enjo.com\/cz\/wp-json\/wp\/v2\/comments?post=115968"}],"version-history":[{"count":10,"href":"https:\/\/www.enjo.com\/cz\/wp-json\/wp\/v2\/pages\/115968\/revisions"}],"predecessor-version":[{"id":118813,"href":"https:\/\/www.enjo.com\/cz\/wp-json\/wp\/v2\/pages\/115968\/revisions\/118813"}],"wp:attachment":[{"href":"https:\/\/www.enjo.com\/cz\/wp-json\/wp\/v2\/media?parent=115968"}],"curies":[{"name":"wp","href":"https:\/\/api.w.org\/{rel}","templated":true}]}}

Prací sáček &#8211; 51420

<!-- This site is optimized with the Yoast SEO plugin v24.0 - https://yoast.com/wordpress/plugins/seo/ -->
<title>Prací sáček - 51420 - ENJO</title>
<meta name="description" content="ENJO prací sáček chrání jemné prádlo a vlákna při praní. Zabraňuje vzniku žmolků a poškození ostatních textilií." />
<meta name="robots" content="index, follow, max-snippet:-1, max-image-preview:large, max-video-preview:-1" />
<link rel="canonical" href="https://www.enjo.com/cz/praci-sacek-51420/" />
<meta property="og:locale" content="cs_CZ" />
<meta property="og:type" content="article" />
<meta property="og:title" content="Prací sáček - 51420 - ENJO" />
<meta property="og:description" content="ENJO prací sáček chrání jemné prádlo a vlákna při praní. Zabraňuje vzniku žmolků a poškození ostatních textilií." />
<meta property="og:url" content="https://www.enjo.com/cz/praci-sacek-51420/" />
<meta property="og:site_name" content="ENJO" />
<meta property="article:modified_time" content="2025-10-06T13:05:23+00:00" />
<meta property="og:image" content="https://www.enjo.com/wp-content/uploads/2023/10/social_image.jpg" />
	<meta property="og:image:width" content="500" />
	<meta property="og:image:height" content="500" />
	<meta property="og:image:type" content="image/jpeg" />
<meta name="twitter:card" content="summary_large_image" />
<script type="application/ld+json" class="yoast-schema-graph">{"@context":"https://schema.org","@graph":[{"@type":"WebPage","@id":"https://www.enjo.com/cz/praci-sacek-51420/","url":"https://www.enjo.com/cz/praci-sacek-51420/","name":"Prací sáček - 51420 - ENJO","isPartOf":{"@id":"https://www.enjo.com/at-east/#website"},"datePublished":"2024-09-01T08:37:34+00:00","dateModified":"2025-10-06T13:05:23+00:00","description":"ENJO prací sáček chrání jemné prádlo a vlákna při praní. Zabraňuje vzniku žmolků a poškození ostatních textilií.","breadcrumb":{"@id":"https://www.enjo.com/cz/praci-sacek-51420/#breadcrumb"},"inLanguage":"cs","potentialAction":[{"@type":"ReadAction","target":["https://www.enjo.com/cz/praci-sacek-51420/"]}]},{"@type":"BreadcrumbList","@id":"https://www.enjo.com/cz/praci-sacek-51420/#breadcrumb","itemListElement":[{"@type":"ListItem","position":1,"name":"Home","item":"https://www.enjo.com/cz/"},{"@type":"ListItem","position":2,"name":"Prací sáček &#8211; 51420"}]},{"@type":"WebSite","@id":"https://www.enjo.com/at-east/#website","url":"https://www.enjo.com/at-east/","name":"ENJO","description":"Clean the World","potentialAction":[{"@type":"SearchAction","target":{"@type":"EntryPoint","urlTemplate":"https://www.enjo.com/at-east/?s={search_term_string}"},"query-input":{"@type":"PropertyValueSpecification","valueRequired":true,"valueName":"search_term_string"}}],"inLanguage":"cs"}]}</script>
<!-- / Yoast SEO plugin. -->

Prací sáček - 51420 - ENJO

ENJO prací sáček chrání jemné prádlo a vlákna při praní. Zabraňuje vzniku žmolků a poškození ostatních textilií.
